er when c is divided by 25?
21
Suppose 3*m = -4*d + 18, 0*d = 2*m - 4*d + 8. What is the remainder when 114 is divided by 203/(-7)*(-2)/m?
27
Let y be 76/18 + (-12)/54. Let j be 8/3 - (-2)/6. Suppose j*q - 61 = -0*q - y*v, v + 11 = q. What is the remainder when 87 is divided by q?
12
Let x(s) = 2*s**2 - 9*s + 8. Let p(v) = -3*v**2 + 19*v - 18. Let d(q) = -3*p(q) - 5*x(q). What is the remainder when d(-10) is divided by 9?
7
Let r(k) = 2*k + 18. Calculate the remainder when r(16) is divided by 17.
16
Let h = -31 + 51. Let w = 7 + -2. Suppose 5*m - 10 = -w*k, -5*m - 3*k + 6 = -14. Calculate the remainder when h is divided by m.
6
Let p(h) = 65*h**2 - 3*h - 2. Calculate the remainder when p(-1) is divided by 21.
3
Suppose -3*g - 5*m - 327 = 0, 3*m + 48 - 285 = 2*g. Let j = g + 184. Calculate the remainder when j is divided by 8.
6
Suppose -44*k = -8*k - 1584. Calculate the remainder when 303 is divided by k.
39
Let b = -447 + 490. What is the remainder when b is divided by 21 - -1*(0 + 1)?
21
Suppose 8*p - 140 = -604. Let x = -47 - p. Calculate the remainder when x is divided by 8.
3
Let b = 178 + -99. Calculate the remainder when b is divided by 25.
4
Let q = 22 + -3. Suppose q = 3*z - 17. Suppose -o + 4*j + 5 + 20 = 0, 0 = -3*o - 2*j + 103. What is the remainder when o is divided by z?
9
Suppose 0 = -16*t + 20*t + 4. Suppose -3*p = -4*p + 3*j - 157, -4*p + 2*j = 608. What is the remainder when p/(-4) + t/(-4) is divided by 13?
12
Let j(g) = -g**2 + g - 5. Let f be j(5). Let b = 38 + f. What is the remainder when 37 is divided by b?
11
Let q = -299 - -353. Calculate the remainder when q is divided by 30.
24
Let g(i) = -3*i - 42. What is the remainder when g(-20) is divided by 12?
6
Suppose 16*f = 13*f + 105. Suppose 10*p = -f + 185. Calculate the remainder when 72 is divided by p.
12
Let w = 4 - -3. Suppose 3*o + w = 4*i - 6, 17 = 5*i - 4*o. Suppose -3*r + r = -j - 1, 0 = r - 1. What is the remainder when j is divided by i?
0
Let r(k) = -k**2 - 6*k + 5. Let h be r(-5). Suppose -s = -2 - h. Suppose 3*o - s = 2*o. Calculate the remainder when 21 is divided by o.
9
What is the remainder when 44 is divided by (-112)/(-21) + 2*4/(-24)?
4
Let u be (-3)/3 + -2 + 101. Calculate the remainder when 17 is divided by u/20 + 16/160.
2
Let x = -10 + 18. Suppose -1123*i + 189 = -1114*i. Calculate the remainder when i is divided by x.
5
Let a = 77 - 76. Calculate the remainder when 23 is divided by a/((-2)/6) - -3 - -5.
3
Let o = 86 + 4. Suppose o = -l + 3*l. Let d(k) = -35*k + 362. Calculate the remainder when l is divided by d(10).
9
Calculate the remainder when (-42)/(-7)*(-1 - 99/(-2)) is divided by 73.
72
Suppose -4*g + 18 = -3*g. Suppose 0*h + 3*h - g = 0. Let c = h + 15. Calculate the remainder when 82 is divided by c.
19
Let u = 686 - 568. Calculate the remainder when u is divided by 10.
8
Suppose 26 - 112 = -2*d. Calculate the remainder when 385 is divided by d.
41
Suppose 0 = 37*a - 18176 - 1212. What is the remainder when a is divided by 25?
24
Let b(i) = 3*i**3 - 2*i - 3*i**2 + 7*i**2 - 4*i**3 - 2 + 3*i. Let l be b(4). Suppose 9 = l*n + 3. What is the remainder when 10 is divided by n?
1
Suppose -25 = -5*j, 0 = 5*g + 3*j - 36 - 219. What is the remainder when g is divided by 27?
21
Let b(d) = -2*d + 2. Let m be b(0). Suppose -7*w + 6*w = -m. Suppose -4*g = w*j - 146, -5*j - 129 = -3*g - 0*g. What is the remainder when g is divided by 14?
10
Let r = 302 - 168. Suppose 0 = -6*b + 160 + r. Calculate the remainder when b is divided by 11.
5
Let h = 16 + -16. Suppose h = -4*a + 5*n + 30 + 77, 2*n = 2. Calculate the remainder when a is divided by 15.
13
Let o be (-10)/(-25) - (-1026)/10. Let i = -83 + o. What is the remainder when i is divided by 7?
6
Calculate the remainder when (-24405)/(-195) - (-12)/(-78) is divided by 18.
17
Let l(i) = -i**3 + 9*i**2 - 8*i + 3. Let k be l(8). Let w = k - -40. Calculate the remainder when w is divided by 15.
13
Let z(u) = 4*u + 16. Let s be z(9). Suppose -3*o + 5*h = -o - 59, s = o + 5*h. Calculate the remainder when o is divided by 19.
18
Suppose -24*s - 5*x - 918 = -26*s, 0 = 3*s - 4*x - 1370. What is the remainder when s is divided by 155?
144
Let i = -55 - 2. Let k = i - -89. Calculate the remainder when 92 is divided by k.
28
Let j = -8 - -10. Let r(u) be the third derivative of 5*u**4/6 + 2*u**3/3 + 12*u**2. Calculate the remainder when r(j) is divided by 15.
14
Suppose -15*r + 8 = -13*r. What is the remainder when 88 is divided by r?
0
Let w(q) = -15*q**2 + 73*q + 1. Calculate the remainder when 83 is divided by w(4).
30
Let s be 6/10 + (-762)/(-5). Let y(g) = -152*g + s*g - 4 - 2. What is the remainder when 2 is divided by y(7)?
0
Suppose -25 = 16*p - 297. Calculate the remainder when p is divided by 11.
6
Let f = 973 + -951. What is the remainder when 104 is divided by f?
16
What is the remainder when 191 is divided by ((-54)/(-15))/(30/400)?
47
Let y = 261 - 153. Suppose y - 703 = -17*k. What is the remainder when k is divided by 15?
5
Let t = -93 + 110. Calculate the remainder when 47 is divided by t.
13
Suppose 0 = -19*o - 934 + 2055. What is the remainder when o is divided by 23?
13
Let u = 1779 + -1116. What is the remainder when u is divided by 9?
6
Let q(d) = -90*d**2 - 2*d + 3. Let p be q(1). Let r = 153 + p. What is the remainder when r is divided by 24?
16
Suppose 14 = 4*l - 6. Suppose 139 = l*z - 286. Calculate the remainder when z is divided by 22.
19
Let g(i) = -23*i + 10. Let n be g(10). Let r = -134 - n. What is the remainder when r is divided by 15?
11
Suppose 2*y - 5*g = 1 - 53, 78 = -3*y - 3*g. Let o = -18 - y. Suppose 4*r - 46 = -b + 28, -4*b = -o. Calculate the remainder when 51 is divided by r.
15
Suppose -23*h + 1188 = 4*h. What is the remainder when 157 is divided by h?
25
Suppose 0 = -3*q + 3*n - 363, -5*q - 2*n = -248 + 853. Let l = q - -238. What is the remainder when l is divided by 30?
27
Let d = 5 - 15. Let w = d - -14. What is the remainder when 5 is divided by w*(-4)/(4*-1)?
1
Suppose 2*t - 4*t = -5*h - 21, 4*h + 44 = 5*t. Let l = 40 - 30. What is the remainder when (152/l)/(0 - 2/(-5)) is divided by t?
6
Let m(b) = -2*b + 4. Let i be m(-7). What is the remainder when (-270)/4*i/(-15) is divided by 14?
11
What is the remainder when 31 is divided by (-6)/1*42/(-36) - 1?
1
Let x = 26 + -22. Let v be 68/(-17)*(-95)/x. Suppose 8*q + 4*i = 3*q + 437, 0 = -q + 3*i + v. Calculate the remainder when q is divided by 23.
20
Suppose 331 = 12*i - 161. Suppose -6*m - i = -101. What is the remainder when ((-4)/5)/(1/(-20)) is divided by m?
6
Suppose -2*d = -5*n - 3*d + 19, 4*n = -5*d + 11. Suppose 9 = -n*m + 33. What is the remainder when 10 is divided by m?
4
Suppose 811*w = 814*w - 51. What is the remainder when 65 is divided by w?
14
Let z be (-1)/((-1)/3) - -1. Suppose 0 = 3*k - 5*h - 32, z*h + 11 - 69 = -2*k. Calculate the remainder when 37 is divided by k.
18
Let k(b) = 3*b**3 + 11*b**2 + 10*b + 13. What is the remainder when 9 is divided by k(-3)?
0
Let t = 157 - 50. Calculate the remainder when t is divided by 11.
8
Calculate the remainder when (-160)/(-6) + (-60)/90 is divided by 6.
2
Suppose -134 = -2*x + 5*o, 5*x - 5*o + 0*o - 305 = 0. Calculate the remainder when 165 is divided by x.
51
Let b be 19/2*(-3 - -1). Let z = -5 - b. Suppose 4*k - 4*m - 57 + 5 = 0, m + 5 = 0. What is the remainder when z is divided by k?
6
Let t = -30 + 81. Let q(a) = a**2 - a. Let g be q(1). Suppose 3*h + 3*h - 108 = g. Calculate the remainder when t is divided by h.
15
Suppose 23*q + 12 = 104. Let u be 1 - 2/((-2)/1). Suppose 6 + 10 = u*k + 2*p, -3*p = -q*k + 11. Calculate the remainder when 17 is divided by k.
2
Suppose -2*g - c + 16 = 0, g - 14 = -5*c - 24. Calculate the remainder when 386 is divided by g.
6
Let c = -33 + 58. Suppose 43*t = 59*t - 1984. Calculate the remainder when t is divided by c.
24
Suppose -2*k + 7 = 3. Suppose -k*t - 1 = -5*a, -3*t = a + 6 + 4. What is the remainder when a - 12*(-2 - 0) is divided by 12?
11
Let o(j) = -4*j + 4. Let g(m) = m - 1. Let q(d) = 5*g(d) + o(d). What is the remainder when 11 is divided by q(8)?
4
Suppose 1227 = 31*v - 230. Let n = -13 - -18. Calculate the remainder when v is divided by n.
2
Let d(m) = m**3 + 15*m**2 + 13*m - 9. Let q be d(-14). Su